22 + -11?
10222001111
In base 3, what is -10210221 - 211212?
-11122210
In base 14, what is 18ab - 1?
18aa
In base 3, what is 110010010001210 + 10?
110010010001220
In base 13, what is 3 - -16b8?
16bb
In base 11, what is 40 + 7761?
77a1
In base 2, what is 1011 + 1100010010010010?
1100010010011101
In base 6, what is -5022204 + 3?
-5022201
In base 5, what is 2 + 121402?
121404
In base 14, what is -20b137 - -1?
-20b136
In base 16, what is -8 - 9a?
-a2
In base 16, what is -5 - -1d9d?
1d98
In base 9, what is -85 + 13187?
13102
In base 9, what is -34 - 218?
-253
In base 15, what is 14b2 - a?
14a7
In base 5, what is -1 + -203342240?
-203342241
In base 4, what is -3033130202 - -11?
-3033130131
In base 10, what is 219 + 58?
277
In base 15, what is -e22c1 + 5?
-e22bb
In base 7, what is 13362 - 3?
13356
In base 12, what is -152 - -6457?
6305
In base 7, what is -3552322 - -2?
-3552320
In base 3, what is -1101001 - -2221210?
1120202
In base 12, what is -83 - -10496?
10413
In base 8, what is 2446 - 11?
2435
In base 5, what is 212 - 222433?
-222221
In base 15, what is -2 - 998?
-99a
In base 9, what is -114 + -33?
-147
In base 14, what is 3071 + -12?
305d
In base 10, what is -4 - 30616?
-30620
In base 6, what is 42115 - -3?
42122
In base 8, what is -1 + 454657?
454656
In base 11, what is -15 + -12151?
-12166
In base 15, what is -16c9 + 14?
-16b5
In base 2, what is 1100001 - -11110110110?
100000010111
In base 3, what is 1210021 - -12120200?
21100221
In base 11, what is 4 - 394a6?
-394a2
In base 10, what is 3237899 - 0?
3237899
In base 6, what is 221 - -35441?
40102
In base 15, what is -cb + 75?
-56
In base 11, what is -380389 + 5?
-380384
In base 7, what is -133 - -100?
-33
In base 5, what is 103140 + -12400?
40240
In base 2, what is -10001 - 1110101010001?
-1110101100010
In base 3, what is -20200 - -2222?
-10201
In base 2, what is -110 - -100010101010110?
100010101010000
In base 8, what is 2543 + -22?
2521
In base 7, what is 53513 - 0?
53513
In base 15, what is 7 - 1133?
-112b
In base 7, what is 25421 + -121?
25300
In base 12, what is 4 - -4630?
4634
In base 9, what is -2878237 + 4?
-2878233
In base 7, what is 34 - 231?
-164
In base 2, what is -1100011000001 - -100111?
-1100010011010
In base 3, what is -20021112102 - -10?
-20021112022
In base 12, what is 166a5 - 0?
166a5
In base 3, what is 20002022 - 121?
20001201
In base 3, what is 22020 - -100222200?
101021220
In base 9, what is -2734 - 124?
-2858
In base 2, what is -10000111100100110 - 1000?
-10000111100101110
In base 9, what is 40 + 4254?
4304
In base 6, what is -4 - -2401140?
2401132
In base 3, what is -1021010112 + -1101?
-1021011220
In base 6, what is -1 + 102433?
102432
In base 8, what is -22267 - 75?
-22364
In base 16, what is b - 1c9bb?
-1c9b0
In base 12, what is -15 - 921?
-936
In base 4, what is 1332213 + -11?
1332202
In base 15, what is 144 - 3a?
109
In base 11, what is a5 + 349?
443
In base 14, what is -3 - 37359?
-3735c
In base 16, what is -2df5 - 3?
-2df8
In base 16, what is -23 + 9e?
7b
In base 9, what is -7136688 + 4?
-7136684
In base 13, what is 1 + -2309a8?
-2309a7
In base 10, what is -894 + -65?
-959
In base 11, what is a181 + -5?
a177
In base 15, what is -b515 - -1e?
-b4e6
In base 12, what is -8a34 - 91?
-8b05
In base 15, what is 0 + -10130?
-10130
In base 13, what is -4 - 237ab?
-237b2
In base 14, what is -5 - 5749a?
-574a1
In base 15, what is 3 + 386e1?
386e4
In base 9, what is 26 + 4833?
4860
In base 5, what is 10 - -124131332?
124131342
In base 11, what is -a7 + -a368?
-a464
In base 2, what is 10010111 + 11000011?
101011010
In base 6, what is -2 + 3155310?
3155304
In base 2, what is -100111110 - 100110001?
-1001101111
In base 11, what is -5 + -2a82?
-2a87
In base 10, what is -5827287 - 2?
-5827289
In base 2, what is 101 - 11000101001101?
-11000101001000
In base 10, what is 6192 - 18?
6174
In base 2, what is 11110101 + 101110011111?
110010010100
In base 2, what is -1000011 + -100100101?
-101101000
In base 12, what is 1675 + -15b?
1516
In base 10, what is -9327 + -4?
-9331
In base 4, what is 2013 + -3003?
-330
In base 13, what is -4 + -2475?
-2479
In base 11, what is 13570 - -10?
13580
In base 3, what is -1110210222102 - 0?
-1110210222102
In base 7, what is -6 + 24560?
24551
In base 7, what is -416646 + 5?
-416641
In base 13, what is 4 + -18a11c?
-18a118
In base 5, what is -122443 + 4?
-122434
In base 2, what is 10000011001111010 - 10?
10000011001111000
In base 5, what is 342 - -2032?
2424
In base 3, what is -21 + -2010011?
-2010102
In base 11, what is -18638 - -82?
-18566
In base 15, what is -4 + 3b042?
3b03d
In base 8, what is 23441464 + -3?
23441461
In base 6, what is -21 - -104030?
104005
In base 9, what is -2441 + -177?
-2628
In base 8, what is 54 + -3573?
-3517
In base 11, what is 4533 + -113?
4420
In base 16, what is -5cfe2 + 4?
-5cfde
In base 3, what is -22 - 2221222222?
-2222000021
In base 8, what is 30103 + 20?
30123
In base 6, what is -30 - 221234?
-221304
In base 8, what is -2 - -76125?
76123
In base 2, what is 1100111011 - -110001011110?
111110011001
In base 7, what is -60566 + 2?
-60564
In base 3, what is -1112 + 1222?
110
In base 6, what is 1010310 - 2?
1010304
In base 10, what is 3 + -32752?
-32749
In base 7, what is -12111406 - -5?
-12111401
In base 15, what is -110 + 11?
-ee
In base 9, what is 8 - -1727?
1736
In base 8, what is -14713 + -2?
-14715
In base 5, what is 4121 + -12?
4104
In base 7, what is 212 + 62160?
62402
In base 10, what is -459 - -3309?
2850
In base 6, what is 15 + -112200?
-112141
In base 7, what is 6004 + 1540?
10544
In base 10, what is -90 + -2505?
-2595
In base 14, what is 311c + 25?
3143
In base 16, what is -2 - -beb7?
beb5
In base 2, what is 1001010100100110 - 100?
1001010100100010
In base 14, what is -15 - -93?
7c
In base 16, what is c60a - 0?
c60a
In base 16, what is -b + -ea9?
-eb4
In base 9, what is -1322 + -414?
-1736
In base 11, what is 1124 + 3?
1127
In base 9, what is -15487 - 10?
-15507
In base 9, what is 3 - -41054?
41057
In base 14, what is -1 - 3215d?
-32160
In base 12, what is -11 - 21819?
-2182a
In base 5, what is 133242200 - -1?
133242201
In base 3, what is -11 - -220121021?
220121010
In base 2, what is -11 - 10111000100000?
-10111000100011
In base 16, what is 266880 - -1?
266881
In base 2, what is -101111000 - -1011011?
-100011101
In base 4, what is 302 + -101021302?
-101021000
In base 4, what is 10 + 112312232?
112312302
In base 10, what is 9852 - 153?
9699
In base 2, what is -10101 - 1110001?
-10000110
In base 15, what is -13 - 697?
-6aa
In base 11, what is 13541 - 29?
13513
In base 10, what is -3 + 10010?
10007
In base 11, what is 2 - 32850?
-32849
In base 4, what is -3 - 1012333?
-1013002
In base 9, what is -1634 + -27?
-1662
In base 2, what is -11111100111101000 + -1?
-11111100111101001
In base 11, what is -2 - -231821?
23181a
In base 16, what is -212c - -1?
-212b
In base 3, what is -1112102212 + 101?
-1112102111
In base 13, what is 6 + 15989?
15992
In base 15, what is -1a509b - -4?
-1a5097
In base 13, what is -3272 + -2?
-3274
In base 7, what is 42426 + -11?
42415
In base 2, what is -1 + -10010010101100?
-10010010101101
In base 7, what is 65 + 125663?
126061
In base 4, what is -11202122 - -23?
-11202033
In base 3, what is 22 + -1200221202?
-1200221110
In base 9, what is -1410680 + -3?
-1410683
In base 9, what is 2 + 300008?
300011
In base 7, what is -132051 + -134?
-132215
In base 11, what is 57488 + -2?
57486
In base 15, what is -21 - -4?
-1c
In base 8, what is -14563 + -4?
-14567
In base 5, what is -231111 - -4?
-231102
In base 5, what is 11233 + -22422?
-11134
In base 7, what is 322662 + 15?
323010
In base 11, what is 1 - 233a9?
-233a8
In base 3, what is -10 - -102102212?
102102202
In base 4, what is -1313 - -200133?
132220
In base 12, what is 41865 - 15?
41850
In base 9, what is 351 + -105?
245
In base 9, what is 186 - -4241?
4437
In base 2, what is 0 - 100101011101111?
-100101011101111
In base 8, what is 64601 + -2?
64577
In base 10, what is 452737 + 5?
452742
In base 2, what is -1100111011001 + 110101?
-1100110100100
In base 15, what is -6 - 2891e?
-28925
In base 6, what is -424 - -324250?
323422
In base 6, what is -4022 - -320?
-3302
In base 8, what is 47 - 45?
2
In base 16, what is 167 + 55?
1bc
In base 5, what i